 = 24 + 707. What are the prime factors of l?
17, 43
Let s(q) = q**2 - 10*q + 16. Let b be s(10). Suppose -2*h = 2*h - b. Suppose 11 = h*u - 29. List the prime factors of u.
2, 5
Let l(r) = -7*r + 151. What are the prime factors of l(0)?
151
Let o = 100 + 460. What are the prime factors of o?
2, 5, 7
List the prime factors of (2 + -5)/(3/(-2358)*6).
3, 131
Let n = -1977 - -3300. List the prime factors of n.
3, 7
Let k(l) be the third derivative of 11*l**4/24 - 4*l**3/3 - 8*l**2. Let o be k(5). Suppose 2*w = -2*g + o - 15, 5*w + g - 96 = 0. List the prime factors of w.
2, 5
Suppose -1462 + 487 = -5*x. Suppose -i - 3*j + 95 = 0, 2*i = -0*i - j + x. What are the prime factors of i?
2, 7
Let n(r) = 17*r + 11. Let c be n(-4). Let p = c + 113. List the prime factors of p.
2, 7
Suppose 64 = 3*f - 44. Let k(n) = 36*n**2. Let t be k(1). What are the prime factors of (-8)/t + 584/f?
2
Suppose -r + 5*r = 180. Suppose -5*n + 185 = 3*b - 0*b, n - b = r. Suppose -n = -4*h - 0*c + 4*c, 3*c = -3*h + 12. What are the prime factors of h?
7
Let u(z) = -z**2 + 3*z + 8. Let o be u(-3). What are the prime factors of (-451)/(-2) - (4 - (-35)/o)?
3, 5
Let d = 11 + -23. List the prime factors of 152 + -4 + d/(-3).
2, 19
Let l = -226 + 229. What are the prime factors of l?
3
Let p(t) = 3*t - 11. Let h be p(5). Suppose -6*c + c + 1212 = g, 0 = -h*c + g + 966. List the prime factors of c.
2, 11
Let r(y) be the third derivative of -y**6/120 + 11*y**5/60 + 5*y**4/8 + 5*y**3/2 + 21*y**2. What are the prime factors of r(12)?
3, 17
Let w be 6 + (3 - -5)/(-2). Suppose 656 = 2*t + w*y + 3*y, -3*t - y = -1010. List the prime factors of t.
2, 13
Suppose 5*z = 4*q - 9478, -14*q + 13*q + 2368 = -2*z. What are the prime factors of q?
2, 593
Let k(v) = -v**3 + 14*v**2 - 11*v + 14. Let a be k(13). What are the prime factors of 130/a*(-88)/(-2)?
11, 13
Suppose 13*h = 6*h + 3339. What are the prime factors of h?
3, 53
Let o be 0/(-1)*(-4 + 3). Suppose o = 4*g - 3*p - 85, 2*p - 33 - 102 = -5*g. What are the prime factors of g?
5
Let u = -36 + 57. Let c be 2*(-1)/(2/(-40)). Suppose 3*k + 4*n = k + c, -n + u = k. List the prime factors of k.
2, 11
Let i(q) = q**3 - 6*q**2 - 8*q + 7. Let r be i(7). Let m(v) = v + 61. List the prime factors of m(r).
61
Let q(k) = -5*k + 5. Let m be q(4). Let a be (-32)/24 + (-154)/6. Let v = m - a. List the prime factors of v.
2, 3
Let g = -12 - -14. Suppose -3*d + 7*d = i - 49, -g*i + 95 = -5*d. List the prime factors of i.
3, 5
What are the prime factors of 1*(-16)/(160/(-24050))?
5, 13, 37
Suppose -283 = -3*o - 5*j - 0*j, 4*j - 8 = 0. Let w = o - 70. List the prime factors of w.
3, 7
Let p = 570 - 322. List the prime factors of p.
2, 31
Suppose 15*x = -23*x + 23598. List the prime factors of x.
3, 23
Suppose -27 = 4*t + 17. Let s = t + 13. Suppose 68 = 3*n + 4*w, 2*n - 19 + s = 3*w. What are the prime factors of n?
2
Let q(c) = 16*c**2 - 42*c - 34. List the prime factors of q(9).
2, 13, 17
What are the prime factors of (8 + -9)/(3/(-774))?
2, 3, 43
Suppose 0 = 4*m + 5*z - 1533, 4*m = 3*z - 244 + 1801. What are the prime factors of m?
3, 43
Let v(g) = 32*g**2 - 3*g - 63. What are the prime factors of v(6)?
3, 7, 17
Let w(f) = f**3 + f**2. Let h be w(-2). Let g(u) = 2*u**3 + 1 - 2*u**3 + 4*u - 5*u**3 + 4*u**3 - 2*u**2. What are the prime factors of g(h)?
17
Suppose 3*l = 9, 0*n + 3*n - 3*l - 12 = 0. Suppose -2*f - 2*x + 26 - 62 = 0, 2*f + 42 = 4*x. Let h = n - f. What are the prime factors of h?
2, 13
Let k = -564 + 1602. List the prime factors of k.
2, 3, 173
Suppose -3*h - 24 = -5*d, -h - 3*h - 27 = -5*d. Suppose 2*i - 77 = -n, i + n + 75 = d*i. List the prime factors of i.
2, 19
Let a = -68 + 126. Let q = a - -26. List the prime factors of q.
2, 3, 7
Suppose -j - 43 = -3*j - 3*g, 5*j - 96 = 4*g. Let o be 7/(7/(-2)) - -7. What are the prime factors of 185/4 - o/j?
2, 23
Let j(b) = 6*b**3 + 16*b**2 + 3*b - 3. Let u(k) = -7*k**3 - 17*k**2 - 4*k + 3. Let t(i) = 6*j(i) + 5*u(i). What are the prime factors of t(-5)?
157
Let z be ((-1884)/30)/(2/(-10)). Suppose -3*a + 0*a = c - z, 0 = -5*a + 5*c + 530. What are the prime factors of a?
3, 5, 7
Suppose -11479 + 2349 = -10*b. What are the prime factors of b?
11, 83
Let m = 22 - 23. What are the prime factors of ((-143)/33)/(m/9)?
3, 13
Let n = 1820 - 848. List the prime factors of n.
2, 3
Let d(j) = j**3 - 8*j**2 + j - 2. Let z be d(6). Let x be z/(-18) + 4/18. Suppose 9*t - x*t = 110. List the prime factors of t.
2, 11
Suppose 0 = 3*u + 2*h - 340, 2*u + 39 = 3*h + 244. Suppose u = 4*m + 14. List the prime factors of m.
2, 3
Suppose 129 = 5*c + 239. Let d(x) = -x**3 - 23*x**2 - 24*x + 14. What are the prime factors of d(c)?
2, 29
What are the prime factors of 3/(-30) - (-119358)/180?
3, 13, 17
Let g(r) = r**2 + 8*r + 10. Let y be g(-7). Let q(u) = 5*u + 39. Let f be q(12). Suppose -f = -y*i + 24. What are the prime factors of i?
41
Suppose 4*o - 3 = -15. Let n(y) = -3*y - 6. Let c be n(o). Suppose 4*m + 7 = 5*p, -m - 4 = -c*p + 3. List the prime factors of p.
3
Let b(r) = -2*r - 12. Let m(j) = -j. Let x(z) = -2*b(z) + 2*m(z). Let p = -12 + 2. What are the prime factors of x(p)?
2
Suppose 5*h + 5*f - 25 = 0, -3*h = -0*h - 4*f - 29. List the prime factors of h.
7
Let t = -1 - -35. Let k = t - 17. What are the prime factors of k?
17
Suppose 11*f - 4*j - 188 = 9*f, -5*f - 4*j + 442 = 0. What are the prime factors of f?
2, 3, 5
Let g = 675 + 75. What are the prime factors of g?
2, 3, 5
Suppose 0 = 2*w - 0*w - 4*t - 40, w - 14 = -t. What are the prime factors of 2 + (-3)/((-3)/w)?
2, 3
Suppose 2*i - 142 = 5*s + 1034, 4*i - 2*s = 2368. What are the prime factors of i?
593
Let n(p) = -852*p**3 + 2*p**2 + 4*p. What are the prime factors of n(-1)?
2, 5, 17
Let m(g) = 2*g - 10. Let i be m(5). What are the prime factors of (98 - 2) + (7 - i - 4)?
3, 11
Let l(t) = 3*t**3 + 39*t**2 - 14*t + 31. Let m(u) = 4*u**3 + 58*u**2 - 21*u + 46. Let p(o) = 7*l(o) - 5*m(o). What are the prime factors of p(17)?
2, 53
Let j(c) = 2*c - 3. Let d be j(3). Suppose 99 = 2*v + 2*z - 363, -687 = -d*v - z. Suppose -3*g - 6 = -v. List the prime factors of g.
2, 37
List the prime factors of 63/(-84) - 281/(-4)*7.
491
Suppose 16 = 9*z - 13*z, -4*y + 4*z = -964. What are the prime factors of y?
3, 79
Suppose -4*g - 2 = -2*s, -5*s + 2*g = -s - 16. Suppose -s*w + 64 = -7*w. Let x = w + 46. List the prime factors of x.
2, 7
Suppose 0*n = 2*n + 10. Let u be n*(36/(-5))/(-2). Let t = u - -34. List the prime factors of t.
2
Let n = 6468 - 2275. What are the prime factors of n?
7, 599
Let a(w) = w**2 + 8*w + 4. Let r be a(-8). Let h be 6/r*(-1072)/(-12). Suppose 0*x + x + h = 4*c, 2*c - 74 = -3*x. List the prime factors of c.
2, 17
Let g = 112 - -85. List the prime factors of g.
197
What are the prime factors of (-21205)/(-25) - 0 - (-24)/(-20)?
7, 11
Let h be 3 + (24*1)/3. Let u(m) = 9*m - 7. What are the prime factors of u(h)?
2, 23
Let c(m) = -m**3 + 7*m - 2. Let f be c(-4). Suppose -j + 2*j - f = 3*u, u = 3*j - 110. What are the prime factors of j?
37
Let d = 676 + -316. What are the prime factors of d?
2, 3, 5
Let y = 2193 - 1285. Suppose y = 16*u - 164. List the prime factors of u.
67
Let g(b) = -b**3 + 97. Let k be (3 + (-4 - -3) + -2)/3. What are the prime factors of g(k)?
97
Suppose 78 = 5*c + o - 41, c - 5*o = 3. Suppose -q = 11 - 7. Let y = c + q. What are the prime factors of y?
19
Let y(b) = 807*b**3 - 4*b**2 + b + 1. List the prime factors of y(1).
5, 7, 23
Let q(w) = 122*w - 9. List the prime factors of q(4).
479
Suppose 5*i + 48 = g, i + 51 = 2*g - 0. What are the prime factors of (274/(-1))/((-46)/g)?
137
Let a(u) = -u**3 + 5*u**2 - u - 4. Let z be a(3). Let f = 12 - z. Let i = f - -15. List the prime factors of i.
2
What are the prime factors of (3 + -8)*(-579 - 8)?
5, 587
Suppose 1361 = o + f - 360, 2*o - 5*f - 3414 = 0. What are the prime factors of o?
17, 101
Let x be (-1260)/147*(-105)/2. Let w = -232 + x. What are the prime factors of w?
2, 109
Suppose -6*l + 8*l - 3*m - 2407 = 0, 0 = 4*m - 4. What are the prime factors of l?
5, 241
Suppose 0 = h + 2*a - 5*a - 494, -3*h + 1518 = 3*a. What are the prime factors of h?
503
Suppose 0 = -2*c + 3*x - 291, -469 - 124 = 4*c + 5*x. Let v = 39 - c. What are the prime factors of v?
2, 3, 31
Su